2 + 17. Calculate f(5).
167
Let c(i) = 4*i - 8. Determine c(4).
8
Let q(z) = 3*z + 54. Give q(-20).
-6
Let k(t) = t**2 - 2*t + 1. Determine k(7).
36
Let c(i) = -i**3 - 9*i**2 + 6*i - 22. Determine c(-7).
-162
Let p(n) = n**3 + 11*n**2 + 19*n + 1. Give p(-9).
-8
Let u(o) = 16*o + 48. What is u(-2)?
16
Let s(x) = x + 34. Give s(-7).
27
Let u(f) = f**3 + 2*f**2 + f + 45. Give u(0).
45
Let x(d) = -d**3 - 12*d**2 - 20*d - 3. Determine x(-10).
-3
Let i(m) = -m**3 - 32*m**2 - 60*m + 36. What is i(-30)?
36
Let c(p) = -86*p**3 + 1. Give c(-1).
87
Let i(g) = 5*g**2 + 59*g + 9. Determine i(-12).
21
Let w(g) = -g**2 + 19*g + 23. Calculate w(15).
83
Let f(z) = -2*z**3 + 8*z**2 - 9*z - 3. Determine f(2).
-5
Let w(v) = -2*v - 6. Determine w(-11).
16
Let l(m) = m**2 - 9*m - 2. Calculate l(8).
-10
Let s(d) = d**2 - 24*d - 17. Calculate s(24).
-17
Let a(c) = c**2 - 49*c + 387. Give a(39).
-3
Let k(p) = 2*p**3 + 2*p - 7. Give k(0).
-7
Let f(h) = h**2 - 62*h + 3. Give f(0).
3
Let u(c) = c**3 - 5*c**2 - 11*c - 38. Give u(7).
-17
Let w(y) = 4*y + 8. Determine w(-7).
-20
Let q(b) = 2*b**2 - 57*b + 29. Determine q(28).
1
Let j(o) = o**2 - 6*o + 3. What is j(5)?
-2
Let j(y) = -y**3 + 36*y**2 - 35*y - 2. Determine j(35).
-2
Let t(r) = 2*r + 25. Determine t(-9).
7
Let u(t) = t**3 + 13*t**2 + 9*t - 12. Give u(-12).
24
Let d(r) = 2*r**2 - 5*r - 6. Calculate d(7).
57
Let p(t) = -30*t**3 + 4*t**2 - 2*t + 1. Give p(1).
-27
Let s(r) = -2*r + 3. Determine s(-3).
9
Let i(v) = -2*v**2 - 37*v - 89. Calculate i(-17).
-38
Let s(w) = -3*w + 5. What is s(-3)?
14
Let i(q) = q**2 + 10*q + 2. What is i(-6)?
-22
Let b(k) = 3*k + 62. Give b(-22).
-4
Let a(q) = q**2 - 3*q - 33. What is a(7)?
-5
Let q(l) = -l**3 - 6*l**2 + 10*l + 14. Determine q(-7).
-7
Let q(n) = 45*n - 272. Determine q(6).
-2
Let h(s) = 18*s + 85. What is h(-5)?
-5
Let d(o) = 8*o + 9. Calculate d(-3).
-15
Let x(g) = g. Give x(1).
1
Let p(b) = -b**3 - 5*b**2 + 4*b - 11. Calculate p(-6).
1
Let c(n) = n**3 + 5*n**2 - 10*n - 27. Determine c(-6).
-3
Let m(l) = l**3 - 5*l**2 - 3. Give m(2).
-15
Let g(s) = -7*s - 166. Calculate g(-22).
-12
Let n(q) = -7*q**2 - 5*q + 2. Determine n(1).
-10
Let u(h) = 3*h**2 + 7*h - 38. Give u(-5).
2
Let n(c) = -c**3 + 8*c**2 - c - 4. Determine n(8).
-12
Let a(w) = -4*w**2 + 3. Give a(-2).
-13
Let y(n) = -n**2 - 25*n - 54. Determine y(-23).
-8
Let c(b) = b**2 + 11*b - 5. Determine c(-5).
-35
Let t(w) = -3*w - 8. Give t(-5).
7
Let i(q) = q**3 - 4*q**2 - 20*q + 3. Calculate i(7).
10
Let i(p) = 4*p**2 - 3*p. Determine i(2).
10
Let q(v) = -8*v + 1. Calculate q(2).
-15
Let u(v) = v**3 - 8*v**2 - 11*v + 5. Give u(9).
-13
Let m(f) = f**3 + 24*f**2 + 7. Give m(-24).
7
Let y(f) = 12*f + 114. Calculate y(-6).
42
Let y(x) = x**3 - 18*x**2 + 12*x + 54. What is y(17)?
-31
Let g(d) = -23*d + 68. Give g(3).
-1
Let t(b) = 18*b**2 + 87*b - 12. Give t(-5).
3
Let a(h) = h**3 - 16*h**2 + 16*h - 7. Give a(15).
8
Let i(w) = -4*w**2 - 2*w. Calculate i(-2).
-12
Let h(c) = -7*c - 1. What is h(0)?
-1
Let l(u) = u**2 - 15*u - 30. Calculate l(17).
4
Let d(c) = -c**2 - c + 23. Calculate d(-6).
-7
Let g(f) = f + 12. Calculate g(-9).
3
Let c(t) = -5*t**3 + t**2 + t + 1. What is c(-1)?
6
Let t(i) = -10*i - 3. Give t(6).
-63
Let b(u) = 3*u - 5. Determine b(3).
4
Let i(s) = 7*s + 33. Give i(-5).
-2
Let h(z) = -4*z + 11. What is h(4)?
-5
Let y(w) = -w**2 + 11*w + 14. What is y(13)?
-12
Let v(b) = -b**3 + 3*b**2 + 25*b + 6. What is v(7)?
-15
Let s(t) = 7*t + 17. What is s(8)?
73
Let x(s) = -19*s**2. Determine x(1).
-19
Let a(o) = 2*o**2 - 47*o - 21. What is a(24)?
3
Let b(r) = 3*r**3 + 6*r**2 + 8*r - 2. Determine b(-2).
-18
Let d(c) = -7*c - 170. Give d(-23).
-9
Let h(x) = 8*x + 121. Calculate h(-15).
1
Let y(p) = p**2 + 12*p + 5. What is y(-7)?
-30
Let f(p) = -p + 21. Determine f(16).
5
Let c(m) = -7*m - 2. Determine c(4).
-30
Let o(d) = -d**2 - d - 1. Give o(4).
-21
Let k(q) = q + 7. Calculate k(4).
11
Let a(v) = v**2 + 14*v + 20. What is a(-10)?
-20
Let s(f) = f**3 - f**2 + 4*f + 6. What is s(-3)?
-42
Let o(s) = 13*s - 3. What is o(1)?
10
Let o(f) = f**3 - 18*f**2 + 35*f + 9. What is o(15)?
-141
Let b(u) = 3*u - 2. Determine b(11).
31
Let r(g) = 2*g**2 + 60*g + 3. Determine r(-30).
3
Let b(s) = -s**2 - 14*s - 52. Give b(-9).
-7
Let f(o) = -o**3 + 6*o**2 + o - 7. What is f(6)?
-1
Let n(x) = -4*x**2 + 4*x - 9. Determine n(4).
-57
Let w(q) = 2*q**3 + 14*q**2 - q + 8. Calculate w(-7).
15
Let t(d) = -d**3 + 8*d**2 - 6*d - 9. Determine t(7).
-2
Let c(y) = -2*y**3 + 5*y**2 + 7*y - 10. Determine c(3).
2
Let x(q) = -q + 24. Give x(-7).
31
Let n(x) = 12*x + 4. Give n(3).
40
Let a(x) = x**3 - 19*x**2 - 18*x - 44. Give a(20).
-4
Let s(w) = -6*w**2 - 2*w. What is s(-2)?
-20
Let o(c) = 2*c**3 - 9*c**2 - 11*c + 19. Give o(5).
-11
Let i(j) = j**2 + 14*j - 10. What is i(-11)?
-43
Let s(u) = u**3 - 8*u**2 + 7*u - 2. Calculate s(6).
-32
Let i(b) = b + 16. Give i(-18).
-2
Let v(p) = -p**2 - 14*p + 16. Determine v(-15).
1
Let o(k) = -k**3 + 9*k**2 - 5*k + 1. Calculate o(4).
61
Let m(p) = 10*p - 6. Give m(-3).
-36
Let y(r) = r**2 + 5*r - 5. What is y(-7)?
9
Let p(g) = g**3 - g**2 - 20. Determine p(0).
-20
Let r(g) = g**2 - 16*g + 19. Calculate r(15).
4
Let f(a) = -a**2 + 16*a + 111. Determine f(21).
6
Let w(u) = 10*u - 402. Calculate w(40).
-2
Let a(y) = y**3 + 7*y**2 - 9*y + 10. Calculate a(-8).
18
Let g(p) = 6*p - 8. Determine g(-7).
-50
Let q(z) = -2*z**3 - z**2 + 2*z + 3. Calculate q(-2).
11
Let j(i) = 10*i - 3. What is j(1)?
7
Let m(c) = c**3 - 11*c**2 - 13*c + 14. Calculate m(12).
2
Let m(x) = -2*x**2 + x - 16. Determine m(-5).
-71
Let d(m) = -17*m - 2. What is d(-3)?
49
Let h(y) = y**3 + 13*y**2 + 13*y + 4. What is h(-12)?
-8
Let r(i) = i**3 - 26*i**2 + 27*i + 3. Calculate r(25).
53
Let l(j) = 30*j**3 + 2*j**2 - 2*j - 2. Determine l(-1).
-28
Let f(v) = -v**2 + v - 53. What is f(0)?
-53
Let c(v) = v**3 + 5*v**2 - v - 10. Calculate c(-5).
-5
Let b(g) = -9*g + 21. What is b(5)?
-24
Let h(d) = -32*d + 155. What is h(5)?
-5
Let x(g) = 2*g**2 - 23*g - 25. Determine x(14).
45
Let l(d) = 7*d**2 - 3*d + 4. Give l(3).
58
Let s(p) = p**3 + 28*p**2 + 2*p + 55. Give s(-28).
-1
Let v(b) = -19*b + 32. What is v(2)?
-6
Let a(t) = t + 10. What is a(-7)?
3
Let w(f) = -10*f + 100. Give w(15).
-50
Let c(r) = -3*r**3 - 3*r**2 - 2*r - 2. Calculate c(-2).
14
Let h(y) = y**2 - 19*y + 3. Give h(22).
69
Let v(o) = o**3 - 2*o**2 + 7*o - 17. What is v(2)?
-3
Let k(x) = x**3 + 36*x**2 + 4*x + 148. Calculate k(-36).
4
Let q(i) = -3*i**2 + 12*i - 1. Give q(4).
-1
Let w(i) = -i**2 - i + 3. Give w(-6).
-27
Let x(l) = -l**2 + 23*l - 88. Determine x(4).
-12
Let b(v) = 18*v**2 + 38*v + 2. Calculate b(-2).
-2
Let l(c) = -6*c**2 + 18*c + 14. Give l(3).
14
Let g(h) = 4*h**2 - 4*h + 2. Calculate g(2).
10
Let q(c) = 4*c - 29. Calculate q(-5).
-49
Let l(u) = -u**2 + 3*u - 11. Determine l(3).
-11
Let i(z) = z**2 - 12*z - 30. Calculate i(14).
-2
Let y(p) = -2*p**2 + 28*p - 3. What is y(14)?
-3
Let o(h) = h - 22. Calculate o(13).
-9
Let s(w) = 25*w - 1378. What is s(55)?
-3
Let s(y) = -y**3 - 18*y**2 + 4*y + 70. Determine s(-18).
-2
Let k(u) = -u**3 + 5*u**2 + 17*u - 17. What is k(7)?
4
Let r(x) = x**2 - 4*x + 3. Give r(4).
3
Let a(d) = d**3 - d**2 - d + 47. Calculate a(0).
47
Let k(z) = 2*z + 15. Calculate k(-9).
-3
Let p(h) = -h**2 - 2*h + 19. Give p(5).
-16
Let h(f) = f**3 - f**2 + 2*f + 6. Determine h(-3).
-36
Let i(p) = -p**3 - 4*p**2 + p. Calculate i(-2).
-10
Let l(g) = g**2 - 8*g + 5. Give l(8).
5
Let h(f) = -23*f + 20. Give h(2).
-26
Let t(v) = v**3 - 11*v**2 + 16*v - 13. Calculate t(10).
47
Let m(p) = p**3 + 18*p**2 + 32*p + 260. What is m(-17)?
5
Let p(k) = -k**3 + 9*k**2 + 91*k - 5. Calculate p(15).
10
Let i(a) = -a**2 - 13*a - 27. Determine i(-11).
-5
Let z(l) = -l + 7. Calculate z(10).
-3
Let x(a) = -a**3 - 5*a**2 - a + 5. What is x(-4)?
-7
Let n(z) = 5*z**3 + z**2 - 2*z - 2. Calculate n(-1).
-4
Let r(m) = -m**2 - 3*m - 6. Give r(-5).
-16
Let l(s) = s**2 - 12*s + 2. What is l(11)?
-9
Let h(x) = -8*x - 137. Determine h(-21).
31
Let f(l) = -l**3 - 12*l**2 - 4. Give f(-12).
-4
Let m(w) = -w**3 - 12*w**2 + 2*w + 36. Determine m(-12).
12
Let d(t) = 2*t**2 - 8. What is d(0)?
-8
Let l(t) = -t**2 - 75*t + 238. Determine l(-78).
4
Let y(p) = p**3 + 14*p**2 - 18*p - 3. Determine y